 c(5). Suppose v = -u*z - 3*z + 5, 2*v = -2*z + 18. Calculate the remainder when n is divided by v.
8
Let w = -15 - -22. Suppose -2*g = 2*n - 10, -n - g + 4*g = w. Calculate the remainder when 16 is divided by (-129)/(-15) + n/5.
7
Suppose 398 - 83 = 9*h. Calculate the remainder when 171 is divided by h.
31
Suppose 1368 = -17*p + 25*p. What is the remainder when p is divided by 25?
21
Suppose z - 2*x - 40 = 5, 2*x - 108 = -2*z. Suppose 0 = -4*v + u + 35 + 33, 3*v = -2*u + z. Calculate the remainder when 66 is divided by v.
15
What is the remainder when 22 is divided by (1 + -10)/((-15)/10)?
4
Suppose 3*s - 6*s = -3. Let q(g) = -16*g - 5. Let y(f) = 24*f + 7. Let p(a) = 7*q(a) + 5*y(a). What is the remainder when p(s) is divided by 3?
2
Suppose -5*i + 62 + 18 = 0. What is the remainder when 47 is divided by i?
15
Let x(y) = y**3 - 3*y**2 - 4*y + 5. Let b be x(4). Suppose 0 = 4*j + z - 36, 2*j + 3*z - 28 = b*z. What is the remainder when 32/j*(0 - -5) is divided by 9?
7
Suppose -4*m - m = -285. Calculate the remainder when m is divided by 20.
17
Let l = -33 + 62. What is the remainder when 55 is divided by l?
26
Let q = 1 + 0. Let z(v) = v**3 - 7*v**2 - 17*v - 6. What is the remainder when z(9) is divided by q?
0
Let z(r) = -r**3 + 5*r**2 - 4*r + 3. Let n = -132 - -157. Calculate the remainder when n is divided by z(2).
4
Calculate the remainder when (0 + (-6)/8)*-36 is divided by 4.
3
Suppose -11 = -3*u + 31. Calculate the remainder when 52 is divided by u.
10
Let n = 20 - 15. What is the remainder when 7 is divided by n?
2
Suppose -3*o = 2*o. Suppose 4*f - 83 = 13. Calculate the remainder when f is divided by 14 - (o + -2) - 3.
11
Suppose m + 3*l + 22 = 0, 0 = 4*m - 3*l + 73. Calculate the remainder when m*((-2 - -3) + -2) is divided by 10.
9
Suppose -2*x - 22 = -v - 2*v, x - 17 = -2*v. What is the remainder when 93 is divided by v?
5
Let b = 106 - 44. Calculate the remainder when b is divided by 21.
20
Suppose 0 = 4*p + 12, -6*d + d + 44 = 2*p. Suppose 12 = -3*a + 66. Calculate the remainder when a is divided by d.
8
Let n(p) = 5 + p - p - 3*p**2 + p**3 + p**2 - 2*p. Calculate the remainder when n(4) is divided by 15.
14
Suppose -32 + 120 = 4*d. What is the remainder when 64 is divided by d?
20
Suppose y = 4*h - 10, 2 + 3 = -5*y + 5*h. Suppose -y*k - u + 140 = u, 4*u + 85 = k. Calculate the remainder when k is divided by 19.
16
Let n(o) = 23*o - 4. Calculate the remainder when 110 is divided by n(1).
15
Suppose 0 = 5*u + 47 - 212. What is the remainder when (1 - (-10)/(-4))/(126/(-5460)) is divided by u?
32
Let y = 60 - 30. What is the remainder when y is divided by (-4)/6*(-6 - 6)?
6
Let s = -133 - -191. Calculate the remainder when s is divided by 15.
13
Let j be ((2 - 6) + 1)*1. Let g(s) = -15*s + 1. Let d be g(j). Let n = -32 + d. Calculate the remainder when 40 is divided by n.
12
Let x(d) = 9*d + 3 - 12*d - 18*d. Let t be x(-3). What is the remainder when 52 is divided by 3/2 - t/(-4)?
16
Let p(t) = -4*t**3 + t + 2. Calculate the remainder when p(-2) is divided by (88/(-32))/((-1)/4).
10
Calculate the remainder when (-3)/(-4) - 4/((-16)/129) is divided by 12.
9
Suppose -157 = -4*i - 37. Suppose 5*o - i = -10. What is the remainder when o is divided by 2?
0
Let f be 44/3 + 3/9. Let q = 26 - f. Let t = q - 4. What is the remainder when t is divided by 3?
1
Let x = 19 + -7. Suppose -4*u + x + 32 = 0. Calculate the remainder when 30 is divided by u.
8
Suppose 7*q - 65 = 2*q. What is the remainder when 36 is divided by q?
10
Let u = -3 + 4. Let s be ((-2)/(-4))/(2/8). Suppose -j = 4, -s*x + 6*x = -j. Calculate the remainder when u is divided by x.
0
Let p = 484 - 341. Calculate the remainder when p is divided by 16.
15
Suppose 2*j + 112 = 16*j. Calculate the remainder when 28 is divided by j.
4
Let n = -44 + 77. What is the remainder when n is divided by 12?
9
Suppose 0 = h - 0 - 3. Calculate the remainder when 23 is divided by -1 + 11 + 9/h.
10
Let p = 3 + 4. Let k = p + -4. Suppose 9*v - 29*v + 220 = 0. What is the remainder when v is divided by k?
2
Suppose -2*u = -u - 13. Calculate the remainder when 23 is divided by u.
10
Suppose 16 = 3*m - 4*y - 62, -m - 3*y + 13 = 0. What is the remainder when m is divided by 3?
1
Let l(u) = -u**3 + 6*u**2 + 2*u - 7. Let t be l(6). Let c(r) = -r + 2. Let f be c(t). What is the remainder when 44 is divided by (-13)/(-1) - (f + 1)?
14
Suppose t = 5*t - 20. Suppose 0 = i - 22 + 3. What is the remainder when i is divided by t?
4
Let i = 66 + -39. Let q = 5 - -1. What is the remainder when i is divided by q?
3
Suppose 5*k + 0*m = -3*m - 4, 4*m + 7 = -5*k. Suppose -y = k - 8. Calculate the remainder when 20 is divided by y.
6
Let b(j) = -2*j - 2. Let k(z) = 5*z**2. Let a be k(1). Suppose a*d + 6*l = 2*l + 63, 3*l + 27 = 3*d. What is the remainder when d is divided by b(-4)?
5
Let t = -16 + 11. Let j = 7 + t. What is the remainder when 3 is divided by j?
1
Let n(v) be the third derivative of v**5/60 - v**4/2 + 17*v**3/6 - 4*v**2. Let q = 26 - -7. What is the remainder when q is divided by n(12)?
16
Let s(i) be the first derivative of 9/2*i**2 + 1 - 1/3*i**3 + 13*i. Calculate the remainder when 49 is divided by s(9).
10
Let v(g) = -g**2 + 2*g. Let l be v(0). Suppose 3*u + j - 41 = 0, l*u + 4*j - 21 = -u. What is the remainder when 51 is divided by u?
12
Let h(o) = o**2 + 7*o + 20. What is the remainder when h(-13) is divided by 25?
23
Let f = 2 + 0. Suppose 16 = 2*h + f*h. Calculate the remainder when (-57)/(-5) - (-10)/(-25) is divided by h.
3
Let a be 24/10*10/3. What is the remainder when 16 is divided by 4*2 - a/4?
4
Let m = 54 - 38. What is the remainder when 44 is divided by m?
12
Suppose 0 = -4*v + 3*v. Calculate the remainder when v + (23 + -3 - -2) is divided by 8.
6
Suppose -81 = -2*a + 47. Suppose 2*z + 4*r - 30 = 0, 4*z + r - a + 4 = 0. Calculate the remainder when z is divided by 6.
3
Let b be 0 - (2 + -1 + -5). Let s = b + -3. Suppose u - 75 = -4*r, -5*r + 80 = u + s. Calculate the remainder when u is divided by 20.
19
Let u(r) = r + 10. Let j be u(-7). Suppose 9 + 0 = -j*f. Calculate the remainder when 50 is divided by (-48 + f)*2/(-6).
16
Let q = 14 - 10. Let p = q + 6. Suppose 5*o = 123 - 28. What is the remainder when o is divided by p?
9
Suppose 5*x - 18 - 32 = 0. Suppose 2*p - 4*w = -16, x = -3*p - 2*w + 2. Let s = 0 - p. What is the remainder when 6 is divided by s?
2
Suppose 4*h + 0 - 105 = -5*x, -3*h - 3*x + 75 = 0. Let p = -19 + h. Calculate the remainder when 2 is divided by p.
0
Let v = 7 + -7. Suppose -2*u - 2*d + 42 = v, 5*d + 7 = -2*u + 4*u. Let z = 95 + -65. Calculate the remainder when z is divided by u.
14
Suppose -3*x - 3*v = -4*x + 27, -3*x + 3*v = -99. Suppose -z + 10 = l - 6, 0 = 2*z + l - 29. Calculate the remainder when x is divided by z.
10
Let o be (3 + 3)*(-1)/(-3). Let x be o/(-4) - (-4)/8. Suppose x = -2*l + 6 + 12. What is the remainder when 17 is divided by l?
8
Let r(c) = -7 + 6*c**2 - 3*c + 4*c - c**3 + 4. Let x be r(4). Suppose 3*t - x = -9. What is the remainder when t is divided by 5?
3
Let p = 9 + 51. What is the remainder when 119 is divided by p?
59
Suppose -2*c + 5 = 21. What is the remainder when 17 is divided by (-2)/(-8) - 70/c?
8
Let n(h) = 4*h + 7*h + 2 - 5. Suppose 2*x = 5*k - 45, 0 = -2*k - 2*x + 3 + 1. Calculate the remainder when n(2) is divided by k.
5
Suppose -2*q - 2*n + 6 = -90, 0 = 4*q - 5*n - 147. Calculate the remainder when q is divided by 23.
20
Suppose 0 = 4*j - 311 + 39. Let f = 1 + 1. What is the remainder when j/20 + 4/(-10) is divided by f?
1
Suppose -2*r = -21 + 11. Calculate the remainder when 13 is divided by r.
3
Suppose 5*v - 6 = 14. Let t = 7 + v. What is the remainder when 64 is divided by t?
9
Let x(z) be the second derivative of -z**5/20 + 3*z**4/4 + 3*z**2 + 2*z. Suppose 4*t - 7 - 9 = 0. What is the remainder when x(9) is divided by t?
2
Suppose 4*q - v - 276 = 3*v, -261 = -4*q - v. Calculate the remainder when q is divided by 34.
32
Suppose 21*g + 3*j - 161 = 17*g, -5*j = -3*g + 99. Calculate the remainder when g is divided by 18.
2
Suppose 16*n - 19*n - 30 = -o, 5*n = o - 38. Suppose 3*r + 12 = 3. Let y(l) = l**2 + l - 1. What is the remainder when o is divided by y(r)?
3
Suppose 2*z - 162 = 120. Calculate the remain